ainder when 329 is divided by (2187/(-18))/(-3*(-7)/(-28))?
5
Suppose 0 = 4*s + 4*c - 64, -44 = -3*s + 5*c - 6*c. Let l(d) = 3*d**2 + 69*d + 262. Calculate the remainder when l(-24) is divided by s.
12
Let p = -571 - -258. Let d = p + 330. Calculate the remainder when d is divided by 2.
1
Suppose -64 = -9*u + 8. Let k = 19 - u. Suppose -4*x = -2*f + 62, 0*x + 4*x + 104 = 4*f. What is the remainder when f is divided by k?
10
Let d(s) = -16*s + 17. Let j be d(-7). Suppose 16*w - j = 13*w. Calculate the remainder when w is divided by 1/(-5) - (-616)/55.
10
Let z = 10 - 6. Calculate the remainder when z/(-5) + 0 - (-1108)/10 is divided by 17.
8
Let l(m) = m**3 - 4*m**2 - 13*m - 9. Suppose 3*f - 2*g = 55, 2*g = f - 5*f + 78. Calculate the remainder when l(7) is divided by f.
9
Suppose -7*d + 13*d - 564 = 0. Let n = 419 - d. Calculate the remainder when n is divided by 82.
79
Calculate the remainder when 711 is divided by 7 + 50 + (-6 - -14).
61
Let d = -27 - -31. Calculate the remainder when -5 - (2 - d) - -388 is divided by 43.
41
Let r(m) = -m + 81 + 0*m + 347*m**2 + 2*m**3 - 349*m**2. Calculate the remainder when r(0) is divided by 17.
13
Suppose -3*k + 286*c + 123 = 283*c, -3*c = k - 21. Calculate the remainder when 6297 is divided by k.
33
What is the remainder when 43 is divided by 2 + (42/1)/6?
7
Suppose 4*c = n + 2653, c + 55*n - 637 = 50*n. Calculate the remainder when c is divided by 661.
1
Suppose -5*r = -5*v + 4955, 1971*v - 3*r - 987 = 1970*v. Calculate the remainder when v is divided by 487.
19
Let p(f) = -21*f**3 - 2*f**2 + 5 + 47*f**3 - 27*f**3. Suppose 4*w - 53 = 15. Calculate the remainder when w is divided by p(0).
2
Suppose 5 = -2*p - 15. What is the remainder when (108/(-30))/(2/(-10)) is divided by 22/(5/p*-4)?
7
Calculate the remainder when ((-91)/7 + 16)*(-470)/(-6) is divided by 85.
65
Suppose -3*c - 16 = -4*c. Let d(h) = -h**3 + 15*h**2 - 14*h + 3. Let s be d(14). Calculate the remainder when 32/(-4) + s - -84 is divided by c.
15
Suppose 0 = -5*p + 32 - 22. Let q = -150 + 152. Calculate the remainder when q is divided by p.
0
Let j be ((-3060)/119)/(3/28). Let t = j - -279. Calculate the remainder when 93 is divided by t.
15
Suppose 13*s - 11*s = 3*d + 7542, -s + d = -3774. What is the remainder when s is divided by 1890?
0
Suppose 0 = 205*l - 133*l - 6912. What is the remainder when 6622 is divided by l?
94
Suppose 0 = -15*f + 13*f - 17*f + 247. What is the remainder when 16793 is divided by f?
10
Let p(i) = 5*i**2 - 190*i + 971. Suppose -3*x - 5*w = -245, -8*w + 3*w - 265 = -3*x. Calculate the remainder when x is divided by p(32).
8
Let f be -4*1 + 46/23. Calculate the remainder when f/11 - (-3044)/44 is divided by 12.
9
Suppose 967*t - 992*t + 1550 = 0. What is the remainder when 1422 is divided by t?
58
Calculate the remainder when 776 is divided by (2327/117)/(5/45) - -12.
12
Suppose -43*w = -45081 - 240181. Calculate the remainder when w is divided by 42.
40
Suppose -4*u + 1525 = u. Let j = -24408 - -24485. What is the remainder when u is divided by j?
74
Let p = 8446 - 8438. What is the remainder when 1315 is divided by p?
3
Suppose 4*f - 185 = -v + 1106, 0 = 5*f + 2*v - 1613. Calculate the remainder when 363 is divided by f.
40
What is the remainder when (-10)/(-195) + 68415/585 is divided by 20?
17
Suppose -749 + 6194 - 605 = 88*c. What is the remainder when c is divided by (-147)/(-9) - (-6)/9?
4
Let v = 2833 + -2593. Calculate the remainder when v is divided by 27.
24
Suppose 741 = -o + 768. Suppose -389 = -2*i - o. Calculate the remainder when i is divided by 48.
37
Suppose -10*f = -6*f - 5*x - 27555, -3*f = x - 20690. What is the remainder when f is divided by 115?
110
Suppose -634 = 32*u - 3706. What is the remainder when u is divided by 18?
6
Suppose -b = 3*a + 216, 5*a - 282 = 4*b + 548. What is the remainder when b/(-2) + (-6)/6 is divided by 36?
32
Let n(d) = -7*d - 21. Let c(g) = g**3 - 12*g**2 + 33*g. What is the remainder when n(-7) is divided by c(8)?
4
Suppose 6494 = 34*a - 7589 - 8765. What is the remainder when a is divided by 271?
130
Suppose 0 = -l + 31*l - 448 - 2762. What is the remainder when 195 is divided by l?
88
Suppose -4*t + 70 = 5*k - 7*t, 3*k = 2*t + 41. Let i(d) = 3*d - 22. Let l be i(15). Let c = 30 - l. What is the remainder when k is divided by c?
3
Suppose -o - 17*o = -1476. Let z = -25 + o. Calculate the remainder when 79 is divided by z.
22
Let z(m) = m**3 - 4*m**2 - 7. Let l be 1/(-8) - (-7196)/(-32). Let n = -141 - l. What is the remainder when n is divided by z(5)?
12
Let q(r) = -r**3 - 17*r**2 - 47*r + 19. Calculate the remainder when 168 is divided by q(-14).
79
Let v(j) = 6*j - 35. Let b(c) = -c**2 - c + 6. Let g be b(-6). Let s be -3 - (-66)/g*(-2 + -2). What is the remainder when v(s) is divided by 4?
1
Suppose 6*c - 901 = 815. Let w = c - 85. What is the remainder when w is divided by 17?
14
Suppose -17 = -5*v - k, 12 = -v + 4*k + 28. Suppose -7*m + 5*s + 75 = -v*m, 5*m - 3*s = 109. What is the remainder when 819 is divided by m?
19
Calculate the remainder when (-525)/2*((-204)/(-36) - 9) is divided by 73.
72
Suppose 2*v = -2*j + 264, 0 = -4*v + 3*j + 324 + 183. Suppose 3*p - k - 117 = 0, -3*p = 11*k - 16*k - v. What is the remainder when p is divided by 29?
9
Suppose 296162*r = 296164*r - 390. Calculate the remainder when r is divided by 10/(-65) - (-82)/26.
0
What is the remainder when 7/((-77)/(-4785)) - 4 is divided by 19?
13
Suppose 1652 = -2012*p + 2016*p. Calculate the remainder when p is divided by 70.
63
Let t(l) = -l**2 - l + 35. Suppose 17*b - 16*b - 69 = 0. What is the remainder when b is divided by t(0)?
34
Let j(f) = -27*f + 30. Let h be j(-2). Suppose -22*s = -26*s + h. What is the remainder when 290 is divided by s?
17
Let f = 10 - -5. Let v = -725 - -741. Suppose -16 = -4*m - 5*g, 3*m + 14*g = v*g + 35. What is the remainder when f is divided by m?
6
Let n = 11916 + -11780. What is the remainder when n is divided by 97?
39
Suppose 470*a - 447*a - 1265 = 0. Calculate the remainder when 2693 is divided by a.
53
Let f be 6*-5*8/60. What is the remainder when 49 - f/((-12)/9) is divided by 6?
4
Let r(y) = 4*y - 14. Suppose 4*k = 12, -a + 75 = -4*a + 3*k. Let j be r(a). What is the remainder when (4 - 5)/(3/j) is divided by 10?
4
Let k be (-72)/90 - (-914)/(-5)*-1. Let f(c) = -2*c**3 + 4*c**2 + 3*c + 5. Let l be f(5). Let j = l + k. Calculate the remainder when 205 is divided by j.
49
Let s(l) = 7*l + 110. Let y be 16/36 - 448/36. What is the remainder when 232 is divided by s(y)?
24
Suppose 11060 = 393*p - 77*p. What is the remainder when 3429 is divided by p?
34
Suppose 4*s + 7 = 3. Let i be -3 + (s - 0) - 1. Let x(o) = 3*o**2 + 4*o + 3. Calculate the remainder when x(i) is divided by 4.
2
Let k be (-9)/18 - 107/(-2). Suppose -z = -0*z - k. Let g = z + -37. Calculate the remainder when 111 is divided by g.
15
Suppose 2*o - 4 = 6*o, 5*h + o = 269. Let k = h + -41. Calculate the remainder when 76 is divided by k.
11
Suppose -5*v + 230 = 5*k, v + 3*v = 2*k - 80. Suppose 4*n + 4*l + 4 = 0, 5*n - 15 = 3*l - k. What is the remainder when (2/n*-3)/(63/966) is divided by 13?
10
Let l(b) = -b + 8. Let a be l(4). Suppose -w - 2*v + 52 = 0, -253 = -5*w - a*v + v. Let y = w + -17. What is the remainder when 196 is divided by y?
31
Suppose 5*c + 1668 = 4573. Let b = 662 - c. What is the remainder when b is divided by 27?
0
Suppose 2*p + 12 = 3*p - 2*t, -2*p + 10 = 3*t. What is the remainder when 591 is divided by p?
7
Let t be 21/6*(-11)/((-385)/100). Calculate the remainder when 355/4 + (-4)/(-16) is divided by 92/6 - (10/3)/t.
14
Let o = -47 + 47. Let r be ((-3)/1 + 20/8)*o. Suppose -w - 11*w + 108 = r. What is the remainder when 15 is divided by w?
6
Let u = -75 - -115. Suppose -11*m + 60 + 6 = 0. What is the remainder when u is divided by m?
4
What is the remainder when 558/(-114) + 5 - (-197483)/209 is divided by 304?
33
Calculate the remainder when (7/(-7))/(2 + 27/(-13)) is divided by ((-18)/30)/((-27)/495).
2
Let o(v) = -21*v**2 - 59*v - 2. Let p(j) = 44*j**2 + 121*j + 4. Let n(a) = 7*o(a) + 3*p(a). What is the remainder when 73 is divided by n(-3)?
8
Suppose 0 = 182*w + 414 - 35540. Calculate the remainder when 970 is divided by w.
5
Let i(b) = b**2 - 45 